{"id":3640,"date":"2022-05-30T10:33:01","date_gmt":"2022-05-30T10:33:01","guid":{"rendered":"https:\/\/www.romeinternational.it\/en\/?post_type=mec-events&#038;p=3640"},"modified":"2022-05-30T10:38:12","modified_gmt":"2022-05-30T10:38:12","slug":"concerts-by-jakub-hrusa-in-the-national-academy-of-santa-cecilia-in-rome","status":"publish","type":"mec-events","link":"https:\/\/romeinternational.it\/en\/events\/concerts-by-jakub-hrusa-in-the-national-academy-of-santa-cecilia-in-rome\/","title":{"rendered":"Concerts by Jakub Hr\u016f\u0161a in the National Academy of Santa Cecilia in Rome"},"content":{"rendered":"\n<p>Czech conductor <strong>Jakub Hr\u016f\u0161a <\/strong>will perform with the Orchestra and Chorus of the National Academy of Santa Cecilia in Rome!<\/p>\n\n\n\n<p>The Orchestra and Chorus of the National Academy of Santa Cecilia, under the direction of Jakub Hr\u016f\u0161a, will perform three concerts in Rome <strong>from 9 to 11 June 2022<\/strong>. You can listen to the Symphony n. 9 \u201cFrom the New World\u201d by Anton\u00edn Dvo\u0159\u00e1k and the Missa Glagolitica by Leo\u0161 Jan\u00e1\u010dek.<\/p>\n\n\n\n<p>The concerts will be accompanied by the exhibition &#8220;<em>Leo\u0161 Jan\u00e1\u010dek &#8211; portrait photographs<\/em>&#8221; by the Moravian Museum in collaboration with TIC Brno. For tickets click <a href=\"https:\/\/rome.czechcentres.cz\/it\/programma\/koncerty-jakuba-hrusi-v-narodni-akademii-santa-cecilia-v-rime\" target=\"_blank\" rel=\"noreferrer noopener\">HERE<\/a><\/p>\n","protected":false},"excerpt":{"rendered":"<p>Czech conductor Jakub Hr\u016f\u0161a will perform with the Orchestra and Chorus of the National Academy of Santa Cecilia in Rome! The Orchestra and Chorus of the National Academy of Santa Cecilia, under the direction of Jakub Hr\u016f\u0161a, will perform three concerts in Rome from 9 to 11 June 2022. You can listen to the Symphony [&hellip;]<\/p>\n","protected":false},"author":2,"featured_media":0,"comment_status":"closed","ping_status":"closed","template":"","tags":[5,178],"mec_category":[16],"class_list":{"0":"post-3640","1":"mec-events","2":"type-mec-events","3":"status-publish","5":"tag-featured","6":"tag-music","7":"mec_category-concerts"},"_links":{"self":[{"href":"https:\/\/romeinternational.it\/en\/wp-json\/wp\/v2\/mec-events\/3640","targetHints":{"allow":["GET"]}}],"collection":[{"href":"https:\/\/romeinternational.it\/en\/wp-json\/wp\/v2\/mec-events"}],"about":[{"href":"https:\/\/romeinternational.it\/en\/wp-json\/wp\/v2\/types\/mec-events"}],"author":[{"embeddable":true,"href":"https:\/\/romeinternational.it\/en\/wp-json\/wp\/v2\/users\/2"}],"replies":[{"embeddable":true,"href":"https:\/\/romeinternational.it\/en\/wp-json\/wp\/v2\/comments?post=3640"}],"wp:attachment":[{"href":"https:\/\/romeinternational.it\/en\/wp-json\/wp\/v2\/media?parent=3640"}],"wp:term":[{"taxonomy":"post_tag","embeddable":true,"href":"https:\/\/romeinternational.it\/en\/wp-json\/wp\/v2\/tags?post=3640"},{"taxonomy":"mec_category","embeddable":true,"href":"https:\/\/romeinternational.it\/en\/wp-json\/wp\/v2\/mec_category?post=3640"}],"curies":[{"name":"wp","href":"https:\/\/api.w.org\/{rel}","templated":true}]}}

Concerts by Jakub Hrůša in the National Academy of Santa Cecilia in Rome

<p>Czech conductor <strong>Jakub Hrůša </strong>will perform with the Orchestra and Chorus of the National Academy of Santa Cecilia in Rome!</p>



<p>The Orchestra and Chorus of the National Academy of Santa Cecilia, under the direction of Jakub Hrůša, will perform three concerts in Rome <strong>from 9 to 11 June 2022</strong>. You can listen to the Symphony n. 9 “From the New World” by Antonín Dvořák and the Missa Glagolitica by Leoš Janáček.</p>



<p>The concerts will be accompanied by the exhibition &#8220;<em>Leoš Janáček &#8211; portrait photographs</em>&#8221; by the Moravian Museum in collaboration with TIC Brno. For tickets click <a href="https://rome.czechcentres.cz/it/programma/koncerty-jakuba-hrusi-v-narodni-akademii-santa-cecilia-v-rime" target="_blank" rel="noreferrer noopener">HERE</a></p>

<p>Czech conductor Jakub Hrůša will perform with the Orchestra and Chorus of the National Academy of Santa Cecilia in Rome! The Orchestra and Chorus of the National Academy of Santa Cecilia, under the direction of Jakub Hrůša, will perform three concerts in Rome from 9 to 11 June 2022. You can listen to the Symphony [&hellip;]</p>
